se -x*u + 763 = 4*u. What are the prime factors of u?
109
Let f(l) be the third derivative of l**5/60 + l**4/8 + l**3/2 - l**2. Let y be 3/15 - (-63)/(-15). List the prime factors of f(y).
7
Let b be 9/(-3 - (4 - 8)). What are the prime factors of (-100)/(-15)*b/6?
2, 5
Suppose -4*v = -475 - 485. Suppose 2*o + 8 = 2*j, 5*j - o - 22 = 2*o. List the prime factors of -4 - (-3 - v/j).
47
Let g(k) = -172*k + 2. Let w be g(1). Let x = -120 - w. List the prime factors of x.
2, 5
Let j = 690 + 2366. What are the prime factors of j?
2, 191
Let y = -19 - -227. Let w = y - 105. List the prime factors of w.
103
Suppose 9*q - 5121 = -1485. What are the prime factors of q?
2, 101
Let g = 1092 + -770. What are the prime factors of g?
2, 7, 23
Suppose -3*r = 5*b - 7537, 19*b - r + 3014 = 21*b. List the prime factors of b.
5, 7, 43
Let q be (18/((-6)/2))/((-6)/8). Let l(c) = c. What are the prime factors of l(q)?
2
Suppose -3*q = -f + 1740, 4*f - 5*q = 713 + 6240. List the prime factors of f.
3, 193
Let w be 3*(-599 + (-2)/(-1)). What are the prime factors of (-4)/10 + w/(-15) + -1?
2, 59
Suppose 4*d - 16 = -4. Let n be d/(-21) + 45/21. Suppose 4*t = -n*x + 54, 2*x + 2 - 4 = 0. What are the prime factors of t?
13
Let g(k) = k**3 - 22*k**2 + 53*k - 114. List the prime factors of g(22).
2, 263
Let m be (4/8*0)/(-2). Let q be 1*(m + 1) - 1. What are the prime factors of 37/(q/2 + 1)?
37
Suppose 0 = -3*s - u + 2248, 0 = 37*s - 40*s + 5*u + 2242. What are the prime factors of s?
7, 107
Let r(m) = 1 - m**3 + 5*m**2 + 1 + 3*m + 5 - 4*m. Let f be r(5). Suppose q - 4*q = -2*w - 12, 3*q = -f*w. What are the prime factors of q?
2
Let m(b) = 60*b + 37. Let l be m(6). Suppose 7*p = 513 + l. What are the prime factors of p?
2, 5, 13
Let q be ((-108)/(-8))/(-3)*-4. Suppose 3*v + 3*l - 309 = q, 0 = -2*l + 6. List the prime factors of v.
2, 53
Let w = -8 - -4. Let i(g) = 8*g + 8. Let l be i(w). Let u = 8 - l. What are the prime factors of u?
2
Let n(v) = -2*v**2 - v**3 + 4*v + 11 + 7*v**2 - 6*v**2 - 3*v**2. What are the prime factors of n(-6)?
59
Suppose t + 2*t = 57. Let k = t - 11. What are the prime factors of k?
2
Let v(h) = 1190*h**2 + 11*h + 19. What are the prime factors of v(-2)?
67, 71
What are the prime factors of -15 - -7 - -13 - (-4858)/2?
2, 1217
Let q(b) = -17*b. Let o be q(-1). List the prime factors of (1/(10/(-166)))/(o/(-85)).
83
Let r(h) = 11*h - 5*h**2 - h**2 - 1 - 5*h**2 - h**2 + h**3. Let v be r(11). List the prime factors of 35 + -5 + (0 - v).
31
List the prime factors of (48/28)/(-6) - (-74525)/35.
2129
Let w(f) = 3*f**2 - 3*f. Let p be w(-2). Suppose -4*l + 5*k + 110 - p = 0, 0 = 5*l - 5*k - 120. What are the prime factors of l?
2, 7
Suppose 3*k - 4469 = 4*m, -2946 = -2*k + 12*m - 16*m. List the prime factors of k.
1483
Let j(q) = -7*q**2 - 6*q - 3. Let a(b) = -b**3 - b**2 + 1. Let u(p) = a(p) - j(p). Let m be u(7). Let d(i) = i**2 + 2*i - 1. List the prime factors of d(m).
2
Suppose 6*f + 54 = -66. Let x(r) = -r**3 + 14*r**2 - 12*r - 9. Let o be x(13). What are the prime factors of (-70)/f + 2/o?
2
Suppose 0 = c + 2*q + 18, 5*c + 8 + 22 = 2*q. What are the prime factors of (-518)/(-18) + c/(-36)?
29
Let w = 5 - 1. Suppose 5*z = 0, 1450 = 7*v - 2*v + w*z. Suppose 5*r - v = -55. List the prime factors of r.
47
Let i(c) = -c**2 + 11*c - 5. Let z be i(10). Suppose -4*p + 4 = 20, z*u - 2*p = 773. What are the prime factors of u?
3, 17
Let w(n) = -n**2 + 16*n - 1. Let f be w(13). Let l = -35 + f. List the prime factors of l.
3
List the prime factors of (2/12*-8488)/((-4)/6).
2, 1061
Let p(d) = -d**2 + 5*d + 1. Let r be p(3). Suppose -r*n = -3*n - 8. What are the prime factors of ((-54)/(-12))/(1/n)?
3
Let t(z) = -3 - 18*z + 5*z**2 + 8*z**2 + 25*z - 2*z**2. List the prime factors of t(-4).
5, 29
Let n = 15 + 29. Let l = 27 - n. Let m = l - -33. What are the prime factors of m?
2
Suppose 0 = i - 4 + 2. Let v = -654 + 657. Suppose 0 = g - i*t - 54, -g = v*g + 3*t - 161. What are the prime factors of g?
2, 11
Let x be 2/(-4)*(1 + -23). Let n(i) = -i**2 + 12*i + 3. What are the prime factors of n(x)?
2, 7
Let g(j) = j**3 + 2*j**2 - j + 3. Suppose 0 = 6*k - 4*k - 4*c - 10, -c - 16 = 4*k. Let l be g(k). Let o = 23 + l. List the prime factors of o.
2, 5
Let r be (78/8)/((-9)/(-48)). Suppose -68 = -2*c + r. Suppose -m + c = 4*m. What are the prime factors of m?
2, 3
Let f be (-53)/(16/72 + (-34)/72). Suppose -3*i = -7*i + f. List the prime factors of i.
53
List the prime factors of 21376/40 - 3 - 3/(-5).
2, 7, 19
Let p(f) be the second derivative of -f**3/2 + 7*f**2/2 - 8*f. Let x = -20 + 15. List the prime factors of p(x).
2, 11
Let p be ((-5)/3)/((-1)/(-3)). Suppose -138 = -13*j + 7*j. Let i = j - p. What are the prime factors of i?
2, 7
Let t = 123 - -133. Suppose 4*b = 4*j - t, 5*j = -b - b + 292. List the prime factors of j.
2, 3, 5
List the prime factors of (5/((-15)/1851))/(17/(-68)).
2, 617
Let w be 0/((-2 - -6) + -1). Suppose -4*l + 9*l - 50 = w. List the prime factors of l.
2, 5
Let t(r) = r**3 + 27*r**2 - 10*r - 2. What are the prime factors of t(-26)?
2, 467
What are the prime factors of (-10)/2*306/(-6)?
3, 5, 17
Suppose 3*x - 45 = 51. What are the prime factors of 12*x/9*3?
2
Let z(p) = 13*p + 2. Let f be z(-2). Let l = 88 + f. List the prime factors of l.
2
Let u(j) = 40*j**2 + 2*j - 1. Let r be u(2). Suppose -4*q = 1037 + r. List the prime factors of 1/((-3)/q*4).
5
Suppose 488 = -3*s + g, 2*s + 3*g + 131 + 198 = 0. Let k = s - -229. What are the prime factors of k?
2, 3, 11
Suppose i - 5*i + 7328 = 3*d, -3*d - 1817 = -i. List the prime factors of i.
31, 59
Suppose 3 = 3*q - 9. Let t(r) = 162*r**2 - 3*r - 2. Let g be t(-1). Suppose -5*k + 4*k = -3*d - 44, -5*k = q*d - g. What are the prime factors of k?
5, 7
Suppose 3*j - 69 = c - 0*c, -j + c + 21 = 0. Suppose -46 = -3*g + f, -2*g + 0*g + j = f. List the prime factors of g.
2, 7
Suppose -l + 16 + 7 = 3*q, -4*q = 3*l - 49. Suppose -l*f + 2*f = -909. What are the prime factors of f?
101
Let n(t) = 9*t - 7. Suppose -b - 2*u + 4 = 0, b + 3*u = -0*u + 5. List the prime factors of n(b).
11
Let n(j) = -96*j**3 - 2*j**2 - 6*j - 8. What are the prime factors of n(-2)?
2, 191
Suppose 2*b = 2*p - 3*b - 360, -2*b + 171 = p. Suppose 0 = -10*k + p + 675. List the prime factors of k.
5, 17
Suppose -2*u + 31 = 4*i + u, 3*i - 37 = -5*u. Suppose 0 = -5*h - i + 39. What are the prime factors of (-1)/(-1)*(h + 10)?
17
Suppose b + 4 + 2 = 0. Let v(m) = 3*m**2 + 4*m + 6. Let l be v(b). Suppose -3*f + l = 2*f. List the prime factors of f.
2, 3
Let q be 1/(-2)*(-404)/2. List the prime factors of (q - 1) + (-15)/(-5).
103
Let o(y) = -49*y**3 + 7*y**2 - 5*y + 5. Let v = -29 + 18. Let c(d) = 98*d**3 - 13*d**2 + 9*d - 9. Let i(x) = v*o(x) - 6*c(x). List the prime factors of i(-1).
2, 3
Let o = 3778 + -1845. List the prime factors of o.
1933
Let n = 376 + 904. List the prime factors of n.
2, 5
Let d be 0/2*(-2)/(-4). Suppose -7*v - 167 + 1308 = d. What are the prime factors of v?
163
Let f = -29 - -21. Let y(u) be the first derivative of -3*u**2/2 - 2*u - 20. List the prime factors of y(f).
2, 11
What are the prime factors of 1/(-4) - (-4)/((-48)/(-1815))?
151
Let a(i) = -i**3 - 6*i**2 - 7*i - 7. Let v be 2 + 0 + -19 + 12. Let b be a(v). List the prime factors of 1/((6/32)/b).
2
Suppose 13 = -5*n + 3. Let x be n*(-27 + 1) + 3. Let i = -34 + x. What are the prime factors of i?
3, 7
Let p = 50 + -30. Let d = p - 15. Suppose d*u - 230 = 65. What are the prime factors of u?
59
Suppose 7*d = 10363 + 6122. List the prime factors of d.
3, 5, 157
Suppose -2*m + 33 = -4*m + u, -20 = -4*u. Let d(v) = -5*v + 29. What are the prime factors of d(m)?
3, 11
Suppose -4*a + 4275 = 3*d - 0*a, 0 = -2*d + 2*a + 2850. List the prime factors of d.
3, 5, 19
Suppose -3*o = -3, -2*o - 3 = -3*v + 13. Let x(g) = g**3 - 6*g**2 + 2*g - 2. Let m be x(v). Suppose f + f = m. List the prime factors of f.
5
Suppose x = -0*x + 52. Let o = 168 + x. What are the prime factors of o?
2, 5, 11
Suppose 469 = 3*m + p + 110, 0 = 5*m - 2*p - 613. What are the prime factors of m?
11
Let d(p) = -10*p + 5. Let x be d(1). What are the prime factors of 99 - (-2 + (-1 - x))?
97
Let b be (-8)/12 - 474/(-9). Let f be (-4 + 3)*-2 - b. List the prime factors of 1*(-4)/8*f.
5
L